{"id":83039,"date":"2023-06-21T14:39:33","date_gmt":"2023-06-21T12:39:33","guid":{"rendered":"https:\/\/lediamant.ch\/laenge-der-ketten-halsketten-2\/"},"modified":"2023-07-19T09:17:40","modified_gmt":"2023-07-19T07:17:40","slug":"laenge-der-ketten-halsketten","status":"publish","type":"page","link":"https:\/\/lediamant.ch\/de\/laenge-der-ketten-halsketten\/","title":{"rendered":"L\u00e4nge der Ketten \/ Halsketten"},"content":{"rendered":"<h2 class=\"gb-headline gb-headline-a21a2d9d gb-headline-text\" id=\"groessentabellen\">Gr\u00f6\u00dfentabellen<\/h2><div class=\"gb-grid-wrapper gb-grid-wrapper-818b69e1\">\n<div class=\"gb-grid-column gb-grid-column-a271544f\"><div class=\"gb-container gb-container-a271544f\">\n\n<figure class=\"gb-block-image gb-block-image-3d154628\"><img loading=\"lazy\" decoding=\"async\" width=\"889\" height=\"889\" class=\"gb-image gb-image-3d154628\" src=\"https:\/\/lediamant.ch\/wp-content\/uploads\/2023\/04\/colliers-dames.jpg\" alt=\"Guide des tailles de collier Le Diamant - Femmes\" title=\"colliers-dames\" srcset=\"https:\/\/lediamant.ch\/wp-content\/uploads\/2023\/04\/colliers-dames.jpg 889w, https:\/\/lediamant.ch\/wp-content\/uploads\/2023\/04\/colliers-dames-600x600.jpg 600w, https:\/\/lediamant.ch\/wp-content\/uploads\/2023\/04\/colliers-dames-400x400.jpg 400w, https:\/\/lediamant.ch\/wp-content\/uploads\/2023\/04\/colliers-dames-64x64.jpg 64w, https:\/\/lediamant.ch\/wp-content\/uploads\/2023\/04\/colliers-dames-150x150.jpg 150w, https:\/\/lediamant.ch\/wp-content\/uploads\/2023\/04\/colliers-dames-300x300.jpg 300w, https:\/\/lediamant.ch\/wp-content\/uploads\/2023\/04\/colliers-dames-768x768.jpg 768w, https:\/\/lediamant.ch\/wp-content\/uploads\/2023\/04\/colliers-dames-120x120.jpg 120w\" sizes=\"auto, (max-width: 889px) 100vw, 889px\" \/><\/figure>\n\n<\/div><\/div>\n\n<div class=\"gb-grid-column gb-grid-column-752f25b7\"><div class=\"gb-container gb-container-752f25b7\">\n\n<figure class=\"gb-block-image gb-block-image-9d828df6\"><img loading=\"lazy\" decoding=\"async\" width=\"889\" height=\"889\" class=\"gb-image gb-image-9d828df6\" src=\"https:\/\/lediamant.ch\/wp-content\/uploads\/2023\/04\/colliers-hommes.jpg\" alt=\"Guide des tailles de collier Le Diamant - Hommes\" title=\"colliers-hommes\" srcset=\"https:\/\/lediamant.ch\/wp-content\/uploads\/2023\/04\/colliers-hommes.jpg 889w, https:\/\/lediamant.ch\/wp-content\/uploads\/2023\/04\/colliers-hommes-600x600.jpg 600w, https:\/\/lediamant.ch\/wp-content\/uploads\/2023\/04\/colliers-hommes-400x400.jpg 400w, https:\/\/lediamant.ch\/wp-content\/uploads\/2023\/04\/colliers-hommes-64x64.jpg 64w, https:\/\/lediamant.ch\/wp-content\/uploads\/2023\/04\/colliers-hommes-150x150.jpg 150w, https:\/\/lediamant.ch\/wp-content\/uploads\/2023\/04\/colliers-hommes-300x300.jpg 300w, https:\/\/lediamant.ch\/wp-content\/uploads\/2023\/04\/colliers-hommes-768x768.jpg 768w, https:\/\/lediamant.ch\/wp-content\/uploads\/2023\/04\/colliers-hommes-120x120.jpg 120w\" sizes=\"auto, (max-width: 889px) 100vw, 889px\" \/><\/figure>\n\n<\/div><\/div>\n\n<div class=\"gb-grid-column gb-grid-column-a62b4c10\"><div class=\"gb-container gb-container-a62b4c10\">\n\n<figure class=\"gb-block-image gb-block-image-dde69a66\"><img loading=\"lazy\" decoding=\"async\" width=\"889\" height=\"889\" class=\"gb-image gb-image-dde69a66\" src=\"https:\/\/lediamant.ch\/wp-content\/uploads\/2023\/04\/colliers-enfants.jpg\" alt=\"Guide des tailles de collier Le Diamant - Enfants\" title=\"colliers-enfants\" srcset=\"https:\/\/lediamant.ch\/wp-content\/uploads\/2023\/04\/colliers-enfants.jpg 889w, https:\/\/lediamant.ch\/wp-content\/uploads\/2023\/04\/colliers-enfants-600x600.jpg 600w, https:\/\/lediamant.ch\/wp-content\/uploads\/2023\/04\/colliers-enfants-400x400.jpg 400w, https:\/\/lediamant.ch\/wp-content\/uploads\/2023\/04\/colliers-enfants-64x64.jpg 64w, https:\/\/lediamant.ch\/wp-content\/uploads\/2023\/04\/colliers-enfants-150x150.jpg 150w, https:\/\/lediamant.ch\/wp-content\/uploads\/2023\/04\/colliers-enfants-300x300.jpg 300w, https:\/\/lediamant.ch\/wp-content\/uploads\/2023\/04\/colliers-enfants-768x768.jpg 768w, https:\/\/lediamant.ch\/wp-content\/uploads\/2023\/04\/colliers-enfants-120x120.jpg 120w\" sizes=\"auto, (max-width: 889px) 100vw, 889px\" \/><\/figure>\n\n<\/div><\/div>\n<\/div><h2 class=\"gb-headline gb-headline-b8b7cd02 gb-headline-text\" id=\"schmuckwerkstatt\">Schmuckwerkstatt<\/h2>\n<p>In der Bijouterie Le Diamant profitiert Ihr Schmuck von einem professionellen Wartungs- und Reparaturservice. Wir k\u00fcmmern uns um das L\u00f6ten, das Einf\u00e4deln von Perlenketten, das Setzen von Steinen, das \u00c4ndern des Durchmessers Ihrer Ringe, das Ersetzen von Edelsteinen, das Reparieren oder Ersetzen von Verschl\u00fcssen, das Reinigen und Polieren von Schmuck. Wir stellen Ihren Schmuck auch nach Ihren W\u00fcnschen her, nachdem wir eine Skizze vorgelegt haben, und nehmen uns die Zeit, um Ihnen eine ma\u00dfgeschneiderte und pers\u00f6nliche Beratung zu bieten. Wir garantieren Ihnen auch ein hervorragendes Preis-Leistungs-Verh\u00e4ltnis.<\/p>\n<h2 class=\"gb-headline gb-headline-84e172e2 gb-headline-text\" id=\"uhrmacherwerkstatt\">Uhrmacherwerkstatt<\/h2>\n<p>In der Bijouterie Le Diamant profitiert Ihre Uhr von einem professionellen Wartungs- und Reparaturservice. Wir ersetzen die Batterien, Lederarmb\u00e4nder, reparieren und passen die L\u00e4nge Ihres Armbands (verk\u00fcrzen oder verl\u00e4ngern) schnell an. Falls Sie die Wasserbest\u00e4ndigkeit Ihrer Uhr wiederherstellen oder eine komplette \u00dcberholung durchf\u00fchren m\u00f6chten, senden wir Ihre Uhr an unseren Lieferanten und k\u00fcmmern uns um alles.<\/p>\n\n<p>Wir k\u00fcmmern uns gerne um Ihre Uhren. Haben Sie weitere Fragen zu unseren Uhrmacherservices? Z\u00f6gern Sie nicht, einen Termin in unserem Juweliergesch\u00e4ft in La Chaux de Fonds zu vereinbaren, indem Sie das <a href=\"https:\/\/lediamant.ch\/de\/kontaktiere-uns\/\">Kontaktformular<\/a> ausf\u00fcllen oder uns telefonisch unter +41 (0) 32 913 76 86 kontaktieren.<\/p>\n","protected":false},"excerpt":{"rendered":"<p>Gr\u00f6\u00dfentabellen Schmuckwerkstatt In der Bijouterie Le Diamant profitiert Ihr Schmuck von einem professionellen Wartungs- und Reparaturservice. Wir k\u00fcmmern uns um das L\u00f6ten, das Einf\u00e4deln von Perlenketten, das Setzen von Steinen, das \u00c4ndern des Durchmessers Ihrer Ringe, das Ersetzen von Edelsteinen, das Reparieren oder Ersetzen von Verschl\u00fcssen, das Reinigen und Polieren von Schmuck. Wir stellen Ihren &#8230; <a title=\"L\u00e4nge der Ketten \/ Halsketten\" class=\"read-more\" href=\"https:\/\/lediamant.ch\/de\/laenge-der-ketten-halsketten\/\" aria-label=\"Mehr Informationen \u00fcber L\u00e4nge der Ketten \/ Halsketten\">Weiterlesen &#8230;<\/a><\/p>\n","protected":false},"author":1,"featured_media":0,"parent":0,"menu_order":0,"comment_status":"closed","ping_status":"closed","template":"","meta":{"_acf_changed":false,"_seopress_robots_primary_cat":"","_seopress_titles_title":"","_seopress_titles_desc":"","_seopress_robots_index":"","footnotes":""},"categories":[20763],"class_list":{"0":"post-83039","1":"page","2":"type-page","3":"status-publish","5":"category-standard-de"},"acf":[],"_links":{"self":[{"href":"https:\/\/lediamant.ch\/de\/wp-json\/wp\/v2\/pages\/83039","targetHints":{"allow":["GET"]}}],"collection":[{"href":"https:\/\/lediamant.ch\/de\/wp-json\/wp\/v2\/pages"}],"about":[{"href":"https:\/\/lediamant.ch\/de\/wp-json\/wp\/v2\/types\/page"}],"author":[{"embeddable":true,"href":"https:\/\/lediamant.ch\/de\/wp-json\/wp\/v2\/users\/1"}],"replies":[{"embeddable":true,"href":"https:\/\/lediamant.ch\/de\/wp-json\/wp\/v2\/comments?post=83039"}],"version-history":[{"count":2,"href":"https:\/\/lediamant.ch\/de\/wp-json\/wp\/v2\/pages\/83039\/revisions"}],"predecessor-version":[{"id":182201,"href":"https:\/\/lediamant.ch\/de\/wp-json\/wp\/v2\/pages\/83039\/revisions\/182201"}],"wp:attachment":[{"href":"https:\/\/lediamant.ch\/de\/wp-json\/wp\/v2\/media?parent=83039"}],"wp:term":[{"taxonomy":"category","embeddable":true,"href":"https:\/\/lediamant.ch\/de\/wp-json\/wp\/v2\/categories?post=83039"}],"curies":[{"name":"wp","href":"https:\/\/api.w.org\/{rel}","templated":true}]}}

Länge der Ketten / Halsketten

<h2 class="gb-headline gb-headline-a21a2d9d gb-headline-text" id="groessentabellen">Größentabellen</h2><div class="gb-grid-wrapper gb-grid-wrapper-818b69e1">
<div class="gb-grid-column gb-grid-column-a271544f"><div class="gb-container gb-container-a271544f">

<figure class="gb-block-image gb-block-image-3d154628"><img loading="lazy" decoding="async" width="889" height="889" class="gb-image gb-image-3d154628" src="https://lediamant.ch/wp-content/uploads/2023/04/colliers-dames.jpg" alt="Guide des tailles de collier Le Diamant - Femmes" title="colliers-dames" srcset="https://lediamant.ch/wp-content/uploads/2023/04/colliers-dames.jpg 889w, https://lediamant.ch/wp-content/uploads/2023/04/colliers-dames-600x600.jpg 600w, https://lediamant.ch/wp-content/uploads/2023/04/colliers-dames-400x400.jpg 400w, https://lediamant.ch/wp-content/uploads/2023/04/colliers-dames-64x64.jpg 64w, https://lediamant.ch/wp-content/uploads/2023/04/colliers-dames-150x150.jpg 150w, https://lediamant.ch/wp-content/uploads/2023/04/colliers-dames-300x300.jpg 300w, https://lediamant.ch/wp-content/uploads/2023/04/colliers-dames-768x768.jpg 768w, https://lediamant.ch/wp-content/uploads/2023/04/colliers-dames-120x120.jpg 120w" sizes="auto, (max-width: 889px) 100vw, 889px" /></figure>

</div></div>

<div class="gb-grid-column gb-grid-column-752f25b7"><div class="gb-container gb-container-752f25b7">

<figure class="gb-block-image gb-block-image-9d828df6"><img loading="lazy" decoding="async" width="889" height="889" class="gb-image gb-image-9d828df6" src="https://lediamant.ch/wp-content/uploads/2023/04/colliers-hommes.jpg" alt="Guide des tailles de collier Le Diamant - Hommes" title="colliers-hommes" srcset="https://lediamant.ch/wp-content/uploads/2023/04/colliers-hommes.jpg 889w, https://lediamant.ch/wp-content/uploads/2023/04/colliers-hommes-600x600.jpg 600w, https://lediamant.ch/wp-content/uploads/2023/04/colliers-hommes-400x400.jpg 400w, https://lediamant.ch/wp-content/uploads/2023/04/colliers-hommes-64x64.jpg 64w, https://lediamant.ch/wp-content/uploads/2023/04/colliers-hommes-150x150.jpg 150w, https://lediamant.ch/wp-content/uploads/2023/04/colliers-hommes-300x300.jpg 300w, https://lediamant.ch/wp-content/uploads/2023/04/colliers-hommes-768x768.jpg 768w, https://lediamant.ch/wp-content/uploads/2023/04/colliers-hommes-120x120.jpg 120w" sizes="auto, (max-width: 889px) 100vw, 889px" /></figure>

</div></div>

<div class="gb-grid-column gb-grid-column-a62b4c10"><div class="gb-container gb-container-a62b4c10">

<figure class="gb-block-image gb-block-image-dde69a66"><img loading="lazy" decoding="async" width="889" height="889" class="gb-image gb-image-dde69a66" src="https://lediamant.ch/wp-content/uploads/2023/04/colliers-enfants.jpg" alt="Guide des tailles de collier Le Diamant - Enfants" title="colliers-enfants" srcset="https://lediamant.ch/wp-content/uploads/2023/04/colliers-enfants.jpg 889w, https://lediamant.ch/wp-content/uploads/2023/04/colliers-enfants-600x600.jpg 600w, https://lediamant.ch/wp-content/uploads/2023/04/colliers-enfants-400x400.jpg 400w, https://lediamant.ch/wp-content/uploads/2023/04/colliers-enfants-64x64.jpg 64w, https://lediamant.ch/wp-content/uploads/2023/04/colliers-enfants-150x150.jpg 150w, https://lediamant.ch/wp-content/uploads/2023/04/colliers-enfants-300x300.jpg 300w, https://lediamant.ch/wp-content/uploads/2023/04/colliers-enfants-768x768.jpg 768w, https://lediamant.ch/wp-content/uploads/2023/04/colliers-enfants-120x120.jpg 120w" sizes="auto, (max-width: 889px) 100vw, 889px" /></figure>

</div></div>
</div><h2 class="gb-headline gb-headline-b8b7cd02 gb-headline-text" id="schmuckwerkstatt">Schmuckwerkstatt</h2>
<p>In der Bijouterie Le Diamant profitiert Ihr Schmuck von einem professionellen Wartungs- und Reparaturservice. Wir kümmern uns um das Löten, das Einfädeln von Perlenketten, das Setzen von Steinen, das Ändern des Durchmessers Ihrer Ringe, das Ersetzen von Edelsteinen, das Reparieren oder Ersetzen von Verschlüssen, das Reinigen und Polieren von Schmuck. Wir stellen Ihren Schmuck auch nach Ihren Wünschen her, nachdem wir eine Skizze vorgelegt haben, und nehmen uns die Zeit, um Ihnen eine maßgeschneiderte und persönliche Beratung zu bieten. Wir garantieren Ihnen auch ein hervorragendes Preis-Leistungs-Verhältnis.</p>
<h2 class="gb-headline gb-headline-84e172e2 gb-headline-text" id="uhrmacherwerkstatt">Uhrmacherwerkstatt</h2>
<p>In der Bijouterie Le Diamant profitiert Ihre Uhr von einem professionellen Wartungs- und Reparaturservice. Wir ersetzen die Batterien, Lederarmbänder, reparieren und passen die Länge Ihres Armbands (verkürzen oder verlängern) schnell an. Falls Sie die Wasserbeständigkeit Ihrer Uhr wiederherstellen oder eine komplette Überholung durchführen möchten, senden wir Ihre Uhr an unseren Lieferanten und kümmern uns um alles.</p>

<p>Wir kümmern uns gerne um Ihre Uhren. Haben Sie weitere Fragen zu unseren Uhrmacherservices? Zögern Sie nicht, einen Termin in unserem Juweliergeschäft in La Chaux de Fonds zu vereinbaren, indem Sie das <a href="https://lediamant.ch/de/kontaktiere-uns/">Kontaktformular</a> ausfüllen oder uns telefonisch unter +41 (0) 32 913 76 86 kontaktieren.</p>

<p>Größentabellen Schmuckwerkstatt In der Bijouterie Le Diamant profitiert Ihr Schmuck von einem professionellen Wartungs- und Reparaturservice. Wir kümmern uns um das Löten, das Einfädeln von Perlenketten, das Setzen von Steinen, das Ändern des Durchmessers Ihrer Ringe, das Ersetzen von Edelsteinen, das Reparieren oder Ersetzen von Verschlüssen, das Reinigen und Polieren von Schmuck. Wir stellen Ihren &#8230; <a title="Länge der Ketten / Halsketten" class="read-more" href="https://lediamant.ch/de/laenge-der-ketten-halsketten/" aria-label="Mehr Informationen über Länge der Ketten / Halsketten">Weiterlesen &#8230;</a></p>
